{"id":40,"date":"2025-06-26T08:52:30","date_gmt":"2025-06-26T07:52:30","guid":{"rendered":"https:\/\/www.marange-zondrange.fr\/?page_id=40"},"modified":"2025-06-26T13:50:38","modified_gmt":"2025-06-26T12:50:38","slug":"demarches-administratives","status":"publish","type":"page","link":"https:\/\/www.marange-zondrange.fr\/index.php\/informations-pratiques\/demarches-administratives\/","title":{"rendered":"D\u00e9marches administratives"},"content":{"rendered":"\n<h2 class=\"wp-block-heading\">Carte d&rsquo;identit\u00e9<\/h2>\n\n\n\n<p>Les demandes concernant les cartes d&rsquo;identit\u00e9 ne peuvent plus se faire en mairie. En effet, les demandes requi\u00e8rent un nouvel \u00e9quipement disponibles dans certaines mairies.<\/p>\n\n\n\n<p>Pour notre r\u00e9gion, il s&rsquo;agit des mairies de Faulquemont, Boulay-Moselle, Creutzwald, Saint-Avold, Forbach, ou toute autre mairie disposant du nouvel \u00e9quipement.<\/p>\n\n\n\n<p>Il est n\u00e9cessaire de prendre rendez-vous avant de se d\u00e9placer dans ces mairies.<\/p>\n\n\n\n<p>Pour simplifier la d\u00e9marche, il est possible de pr\u00e9-remplir en ligne la demande sur le site suivant:<\/p>\n\n\n\n<p><a href=\"https:\/\/passeport.ants.gouv.fr\/Services-associes\/Realiser-une-pre-demande-de-carte-nationale-d-identite-CNI\" target=\"_blank\" rel=\"noreferrer noopener\">https:\/\/passeport.ants.gouv.fr\/Services-associes\/Realiser-une-pre-demande-de-carte-nationale-d-identite-CNI<\/a><\/p>\n\n\n\n<p><\/p>\n","protected":false},"excerpt":{"rendered":"<p>Carte d&rsquo;identit\u00e9 Les demandes concernant les cartes d&rsquo;identit\u00e9 ne peuvent plus se faire en mairie. En effet, les demandes requi\u00e8rent un nouvel \u00e9quipement disponibles dans certaines mairies. Pour notre r\u00e9gion, il s&rsquo;agit des mairies de Faulquemont, Boulay-Moselle, Creutzwald, Saint-Avold, Forbach, ou toute autre mairie disposant du nouvel \u00e9quipement. Il est n\u00e9cessaire de prendre rendez-vous avant [&hellip;]<\/p>\n","protected":false},"author":1,"featured_media":0,"parent":91,"menu_order":0,"comment_status":"closed","ping_status":"closed","template":"","meta":{"footnotes":""},"class_list":["post-40","page","type-page","status-publish","hentry"],"_links":{"self":[{"href":"https:\/\/www.marange-zondrange.fr\/index.php\/wp-json\/wp\/v2\/pages\/40","targetHints":{"allow":["GET"]}}],"collection":[{"href":"https:\/\/www.marange-zondrange.fr\/index.php\/wp-json\/wp\/v2\/pages"}],"about":[{"href":"https:\/\/www.marange-zondrange.fr\/index.php\/wp-json\/wp\/v2\/types\/page"}],"author":[{"embeddable":true,"href":"https:\/\/www.marange-zondrange.fr\/index.php\/wp-json\/wp\/v2\/users\/1"}],"replies":[{"embeddable":true,"href":"https:\/\/www.marange-zondrange.fr\/index.php\/wp-json\/wp\/v2\/comments?post=40"}],"version-history":[{"count":2,"href":"https:\/\/www.marange-zondrange.fr\/index.php\/wp-json\/wp\/v2\/pages\/40\/revisions"}],"predecessor-version":[{"id":42,"href":"https:\/\/www.marange-zondrange.fr\/index.php\/wp-json\/wp\/v2\/pages\/40\/revisions\/42"}],"up":[{"embeddable":true,"href":"https:\/\/www.marange-zondrange.fr\/index.php\/wp-json\/wp\/v2\/pages\/91"}],"wp:attachment":[{"href":"https:\/\/www.marange-zondrange.fr\/index.php\/wp-json\/wp\/v2\/media?parent=40"}],"curies":[{"name":"wp","href":"https:\/\/api.w.org\/{rel}","templated":true}]}}